{"id":272,"date":"2018-05-25T10:11:07","date_gmt":"2018-05-25T10:11:07","guid":{"rendered":"https:\/\/farfalabodas.com\/?page_id=272"},"modified":"2022-12-14T11:41:57","modified_gmt":"2022-12-14T11:41:57","slug":"aviso-legal","status":"publish","type":"page","link":"https:\/\/farfalabodas.com\/?page_id=272","title":{"rendered":"Aviso legal"},"content":{"rendered":"<p class=\"normal\"><strong><span class=\"Estilo9\">AVISO LEGAL<\/span><\/strong><\/p>\n<p class=\"normal\"><strong>IDENTIFICACI\u00d3N DEL PRESTADOR<\/strong><br \/>\nDenominaci\u00f3n Social : XABIER ARANA CATANIA (en adelante el Prestador)<br \/>\nDomicilio Social : AVENIDA CIUDAD DE BARCELONA 152, 3\u00ba-1\u00aa. 28007 MADRID<br \/>\nCIF \/ NIF : 50861448 F<br \/>\nTel\u00e9fono : +34 658 455 332<br \/>\nE-Mail : farfala.bodas@gmail.com<br \/>\nNombre de dominio : www.farfalabodas.com (en adelante el Sitio Web)<\/p>\n<p class=\"normal\"><strong>IDENTIFICACI\u00d3N DEL HOSPEDAJE WEB<br \/>\n<\/strong>Denominaci\u00f3n Social : Cloud Builders, S.A.<br \/>\nNombre Comercial : Interdominios<br \/>\nCIF \/ NIF : A-86332913<br \/>\nDomicilio Social : c\/ Ana Mariscal, 5. 28223. Pozuelo de Alarc\u00f3n. Madrid<br \/>\nTel\u00e9fono : 902 72 72 02<br \/>\nE-Mail : info@interdominios.com<\/p>\n<p class=\"normal\"><strong>OBJETO<\/strong><br \/>\nEl Prestador, responsable del Sitio Web, pone a disposici\u00f3n de los Usuarios el presente documento con el que pretende dar cumplimiento a las obligaciones dispuestas en la Ley 34\/2002, de Servicios de la Sociedad de la Informaci\u00f3n y del Comercio Electr\u00f3nico (LSSI-CE), as\u00ed como informar a todos los Usuarios del Sitio Web respecto a cu\u00e1les son las Condiciones de Uso del Sitio Web.<\/p>\n<p class=\"normal\"><strong>USUARIOS<\/strong><br \/>\nToda persona que acceda a este Sitio Web asume el papel de Usuario (en adelante el Usuario), comprometi\u00e9ndose a la observancia y cumplimiento riguroso de las disposiciones aqu\u00ed dispuestas, as\u00ed como a cualesquiera otra disposici\u00f3n legal que fuera de aplicaci\u00f3n. El Usuario acepta desde dicho acceso y\/o uso, las Condiciones Generales de Uso aqu\u00ed reflejadas. Las citadas condiciones ser\u00e1n de aplicaci\u00f3n independientemente de las condiciones generales de contrataci\u00f3n que en su caso resulten de obligado cumplimiento.<br \/>\nSi por el motivo que fuere no est\u00e1 de acuerdo con estas condiciones no contin\u00fae usando esta web.<\/p>\n<p class=\"normal\"><strong>RESPONSABILIDAD<\/strong><br \/>\nEl Prestador se exime de cualquier tipo de responsabilidad derivada de la informaci\u00f3n publicada en su Sitio Web, siempre que esta informaci\u00f3n haya sido manipulada o introducida por un tercero ajeno al mismo.<br \/>\nDesde el Sitio Web del cliente es posible que se redirija a contenidos de terceros sitios web. Dado que el Prestador no puede controlar siempre los contenidos introducidos por los terceros en sus sitios web, \u00e9ste no asume ning\u00fan tipo de responsabilidad respecto a dichos contenidos. En todo caso, el Prestador manifiesta que proceder\u00e1 a la retirada inmediata de cualquier contenido que pudiera contravenir la legislaci\u00f3n nacional o internacional, la moral o el orden p\u00fablico, procediendo a la retirada inmediata de la redirecci\u00f3n a dicho sitio web, poniendo en conocimiento de las autoridades competentes el contenido en cuesti\u00f3n.<br \/>\nEl Prestador no se hace responsable de la informaci\u00f3n y contenidos almacenados, a t\u00edtulo enunciativo pero no limitativo, en foros, chats, generadores de blogs, comentarios, redes sociales o cualesquiera otro medio que permita a terceros publicar contenidos de forma independiente en el Sitio Web del Prestador. No obstante y en cumplimiento de lo dispuesto en el art. 11 y 16 de la LSSI-CE, el Prestador se pone a disposici\u00f3n de todos los usuarios, autoridades y fuerzas de seguridad, y colaborando de forma activa en la retirada o en su caso bloqueo de todos aquellos contenidos que pudieran afectar o contravenir la legislaci\u00f3n nacional, o internacional, derechos de terceros o la moral y el orden p\u00fablico. En caso de que el usuario considere que existe en el Sitio Web alg\u00fan contenido que pudiera ser susceptible de esta clasificaci\u00f3n, se ruega lo notifique de forma inmediata al administrador del Sitio Web.<br \/>\nEste Sitio Web ha sido revisado y probado para que funcione correctamente. En principio, puede garantizarse el correcto funcionamiento los 365 d\u00edas del a\u00f1o, 24 horas al d\u00eda. No obstante, el Prestador no descarta la posibilidad de que existan ciertos errores de programaci\u00f3n, o que acontezcan causas de fuerza mayor, ca\u00eddas de servidor, cat\u00e1strofes naturales, huelgas, o circunstancias semejantes que hagan imposible el acceso al Sitio Web.<\/p>\n<p class=\"normal\"><strong>ACCESO Y UTILIZACION<br \/>\n<\/strong>El Sitio Web proporciona el acceso a multitud de informaciones, servicios, programas o datos (en adelante \u00ablos contenidos\u00bb) en Internet pertenecientes al Prestador o a sus licenciantes a los que el Usuario pueda tener acceso.<\/p>\n<p class=\"normal\">El Usuario asume la responsabilidad del uso del portal. Dicha responsabilidad se extiende al registro que fuese necesario para acceder a determinados servicios o contenidos. En dicho registro el Usuario ser\u00e1 responsable de aportar informaci\u00f3n veraz y l\u00edcita. Como consecuencia de este registro, al Usuario se le puede proporcionar una contrase\u00f1a de la que ser\u00e1 responsable, comprometi\u00e9ndose a hacer un uso diligente y confidencial de la misma.<\/p>\n<p class=\"normal\">El Usuario se compromete a hacer un uso adecuado de los contenidos y servicios (p.e. servicios de chat, foros de discusi\u00f3n o grupos de noticias) que el Prestador ofrece a trav\u00e9s de su Sitio Web y con car\u00e1cter enunciativo pero no limitativo, a no emplearlos para:<br \/>\n&#8211; Incurrir en actividades il\u00edcitas, ilegales o contrarias a la buena fe y al orden p\u00fablico<br \/>\n&#8211; Difundir contenidos o propaganda de car\u00e1cter racista, xen\u00f3fobo, pornogr\u00e1fico-ilegal, de apolog\u00eda del terrorismo o atentatorio contra los derechos humanos<br \/>\n&#8211; Provocar da\u00f1os en los sistemas f\u00edsicos y l\u00f3gicos del Prestador, de sus proveedores o de terceras personas, introducir o difundir en la red virus inform\u00e1ticos o cualesquiera otros sistemas f\u00edsicos o l\u00f3gicos que sean susceptibles de provocar los da\u00f1os anteriormente mencionados; as\u00ed como obstaculizar el acceso de otros usuarios al Sitio Web y a sus servicios mediante el consumo masivo de los recursos inform\u00e1ticos a trav\u00e9s de los cuales el Sitio Web presta sus servicios.<br \/>\n&#8211; Intentar acceder y, en su caso, utilizar las cuentas de correo electr\u00f3nico de otros usuarios y modificar o manipular sus mensajes.<br \/>\n&#8211; Vulnerar los derechos de propiedad intelectual o industrial, as\u00ed como violar la confidencialidad de la informaci\u00f3n del Prestador o de terceros.<br \/>\n&#8211; Suplantar la identidad de otro usuario, de las administraciones p\u00fablicas o de un tercero.<br \/>\n&#8211; Reproducir, copiar, distribuir, poner a disposici\u00f3n o de cualquier otra forma comunicar p\u00fablicamente, transformar o modificar los contenidos, a menos que se cuente con la autorizaci\u00f3n del titular de los correspondientes derechos o ello resulte legalmente permitido.<br \/>\n&#8211; Recabar datos con finalidad publicitaria y de remitir publicidad de cualquier clase y comunicaciones con fines de venta u otras de naturaleza comercial sin que medie su previa solicitud o consentimiento.<br \/>\n&#8211; Utilizar el Sitio Web ni las informaciones que en \u00e9l se contienen con fines comerciales, pol\u00edticos, publicitarios y para cualquier uso comercial, sobre todo el env\u00edo de correos electr\u00f3nicos no solicitados.<\/p>\n<p class=\"normal\">El Prestador se reserva el derecho de retirar todos aquellos comentarios y aportaciones que vulneren el respeto a la dignidad de la persona, que sean discriminatorios, xen\u00f3fobos, racistas, pornogr\u00e1ficos, que atenten contra la juventud o la infancia, el orden o la seguridad p\u00fablica o que, a su juicio, no resultar\u00e1n adecuados para su publicaci\u00f3n. En cualquier caso, el Prestador no ser\u00e1 responsable de las opiniones vertidas por los usuarios a trav\u00e9s de los foros, chats, u otras herramientas de participaci\u00f3n.<\/p>\n<p class=\"normal\"><strong>PROTECCI\u00d3N DE DATOS PERSONALES<\/strong><br \/>\nEl Prestador se encuentra profundamente comprometido con el cumplimiento de la normativa espa\u00f1ola de protecci\u00f3n de datos de car\u00e1cter personal, y garantiza el cumplimiento \u00edntegro de las obligaciones dispuestas, as\u00ed como la implementaci\u00f3n de las medidas de seguridad dispuestas en el art. 9 de la Ley 15\/1999, de Protecci\u00f3n de Datos de Car\u00e1cter Personal (LOPD) y en el Reglamento de Desarrollo de la LOPD.<br \/>\nEl Prestador pone a disposici\u00f3n de los Usuarios toda la informaci\u00f3n correspondiente en la <a class=\"normalsin\" href=\"https:\/\/farfalabodas.com\/?page_id=277%2522\"><strong>Pol\u00edtica de Privacidad de datos<\/strong><\/a>.<\/p>\n<p class=\"normal\"><strong>COOKIES <\/strong><br \/>\nTodo lo relativo a la utilizaci\u00f3n de cookies se encuentra recogido en el documento de <a class=\"normalsin\" href=\"https:\/\/farfalabodas.com\/?page_id=275\"><strong>Pol\u00edtica de cookies<\/strong><\/a>.<\/p>\n<p class=\"normal\"><strong>PROPIEDAD INTELECTUAL E INDUSTRIAL <\/strong><br \/>\nEl Sitio Web, incluyendo a t\u00edtulo enunciativo pero no limitativo su programaci\u00f3n, edici\u00f3n, compilaci\u00f3n y dem\u00e1s elementos necesarios para su funcionamiento, los dise\u00f1os, logotipos, texto y\/o gr\u00e1ficos son propiedad del Prestador o en su caso dispone de licencia o autorizaci\u00f3n expresa por parte de los autores. Todos los contenidos del Sitio Web se encuentran debidamente protegidos por la normativa de propiedad intelectual e industrial, as\u00ed como inscritos en los registros p\u00fablicos correspondientes.<br \/>\nIndependientemente de la finalidad para la que fueran destinados, la reproducci\u00f3n total o parcial, uso, explotaci\u00f3n, distribuci\u00f3n y comercializaci\u00f3n, requiere en todo caso de la autorizaci\u00f3n escrita previa por parte del Prestador. Cualquier uso no autorizado previamente por parte del Prestador ser\u00e1 considerado un incumplimiento grave de los derechos de propiedad intelectual o industrial del autor. Quedan expresamente prohibidas la reproducci\u00f3n, la distribuci\u00f3n y la comunicaci\u00f3n p\u00fablica, incluida su modalidad de puesta a disposici\u00f3n, de la totalidad o parte de los contenidos de esta p\u00e1gina web, con fines comerciales, en cualquier soporte y por cualquier medio t\u00e9cnico, sin la autorizaci\u00f3n de La empresa.<br \/>\nLos dise\u00f1os, logotipos, texto y\/o gr\u00e1ficos ajenos al Prestador y que pudieran aparecer en el Sitio Web, pertenecen a sus respectivos propietarios, siendo ellos mismos responsables de cualquier posible controversia que pudiera suscitarse respecto a los mismos. En todo caso, el prestador cuenta con la autorizaci\u00f3n expresa y previa por parte de los mismos.<br \/>\nEl Prestador reconoce a favor de sus titulares los correspondientes derechos de propiedad industrial e intelectual, no implicando su sola menci\u00f3n o aparici\u00f3n en el Sitio Web la existencia de derechos o responsabilidad alguna del prestador sobre los mismos, como tampoco respaldo, patrocinio o recomendaci\u00f3n por parte del mismo.<br \/>\nToda la informaci\u00f3n que se reciba en este Sitio Web, como comentarios, sugerencias o ideas, se considerar\u00e1 cedida al Prestador de manera gratuita. No debe enviarse informaci\u00f3n que no pueda ser tratada de este modo.<br \/>\nPara realizar cualquier tipo de observaci\u00f3n respecto a posibles incumplimientos de los derechos de propiedad intelectual o industrial, as\u00ed como sobre cualquiera de los contenidos del sitio web, puede hacerlo a trav\u00e9s del correo electr\u00f3nico: <a class=\"normalsin\" href=\"farfala.bodas@gmail.com\"><strong>farfala.bodas@gmail.com<\/strong><\/a>.<\/p>\n<p class=\"normal\"><strong>GARANT\u00cdAS Y RESPONSABILIDAD<\/strong><br \/>\nEl Usuario reconoce que la utilizaci\u00f3n del Sitio Web y de sus contenidos y servicios se desarrolla bajo su exclusiva responsabilidad. En concreto, a t\u00edtulo meramente enunciativo, el Prestador no asume ninguna responsabilidad en los siguientes \u00e1mbitos:<\/p>\n<p class=\"normal\">a) La disponibilidad en el funcionamiento del Sitio Web, sus servicios y contenidos y su calidad o interoperabilidad.<br \/>\nb) La finalidad para la que el Sitio Web sirva a los objetivos del Usuario.<br \/>\nc) La infracci\u00f3n de la legislaci\u00f3n vigente por parte del Usuario o terceros y, en concreto, de los derechos de propiedad intelectual o industrial que sean titularidad de otras personas o entidades.<br \/>\nd) La existencia de c\u00f3digos maliciosos o cualquier otro elemento inform\u00e1tico da\u00f1ino que pudiera causar da\u00f1os al sistema inform\u00e1tico del Usuario o de terceros. Corresponde al Usuario, en todo caso, disponer de herramientas adecuadas para la detecci\u00f3n y desinfecci\u00f3n de estos elementos.<br \/>\ne) El acceso fraudulento a los contenidos o servicios por terceros no autorizados, o, en su caso, la captura, eliminaci\u00f3n, alteraci\u00f3n, modificaci\u00f3n o manipulaci\u00f3n de los mensajes y comunicaciones de cualquier clase que dichos terceros pudieran realizar.<br \/>\nf) La exactitud, veracidad, actualidad y utilidad de los contenidos y servicios ofrecidos y la utilizaci\u00f3n posterior que de ellos haga el Usuario. El Prestador emplear\u00e1 todos los esfuerzos y medios razonables para facilitar la informaci\u00f3n actualizada y fehaciente.<br \/>\ng) Los da\u00f1os producidos a equipos inform\u00e1ticos durante el acceso al Sitio Web y los da\u00f1os producidos a los Usuarios cuando tengan su origen en fallos o desconexiones en las redes de telecomunicaciones que interrumpan el servicio.<br \/>\nh) Los da\u00f1os o perjuicios que se deriven de circunstancias acaecidas por caso fortuito o fuerza mayor<\/p>\n<p class=\"normal\">En caso de que existan foros, el uso de los mismos u otros espacios an\u00e1logos, ha de tenerse en cuenta que, los mensajes reflejan \u00fanicamente la opini\u00f3n del Usuario que los remite, que es el \u00fanico responsable. El Prestador no se hace responsable del contenido de los mensajes enviados por el Usuario.<\/p>\n<p class=\"normal\"><strong>MODIFICACIONES<\/strong><br \/>\nEl Prestador se reserva el derecho a modificar cualquier tipo de informaci\u00f3n, contenido o servicio que pudiera aparecer en el Sitio Web, sin que exista obligaci\u00f3n de preavisar o poner en conocimiento de los usuarios dichas obligaciones, entendi\u00e9ndose como suficiente con la publicaci\u00f3n en el Sitio Web del Prestador.<br \/>\nLa vigencia de las citadas condiciones ir\u00e1 en funci\u00f3n de su exposici\u00f3n y estar\u00e1n vigentes hasta que sean modificadas por otras debidamente publicadas.<\/p>\n<p class=\"normal\"><strong>ENLACES<\/strong><br \/>\nEn el caso de que en el Sitio Web se incluyesen enlaces o hiperv\u00ednculos hac\u00eda otros sitios de Internet, el Prestador no ejercer\u00e1 ning\u00fan tipo de control sobre dichos sitios y contenidos. En ning\u00fan caso el Prestador asumir\u00e1 responsabilidad alguna por los contenidos de alg\u00fan enlace perteneciente a un sitio web ajeno, ni garantizar\u00e1 la disponibilidad t\u00e9cnica, calidad, fiabilidad, exactitud, amplitud, veracidad, validez y constitucionalidad de cualquier material o informaci\u00f3n contenida en ninguno de dichos hiperv\u00ednculos u otros sitios de Internet. Igualmente, la inclusi\u00f3n de estas conexiones externas no implicar\u00e1 ning\u00fan tipo de asociaci\u00f3n, fusi\u00f3n o participaci\u00f3n con las entidades conectadas.<\/p>\n<p class=\"normal\"><strong>DERECHO DE EXCLUSI\u00d3N <\/strong><br \/>\nEl Prestador se reserva el derecho a denegar o retirar el acceso al Sitio Web y\/o los servicios ofrecidos sin necesidad de advertencia previa, a instancia propia o de un tercero, a aquellos Usuarios que incumplan el contenido de este aviso legal.<\/p>\n<p class=\"normal\"><strong>LEY APLICABLE Y JURISDICCI\u00d3N <\/strong><br \/>\nEl Prestador perseguir\u00e1 el incumplimiento de las presentes condiciones as\u00ed como cualquier utilizaci\u00f3n indebida de su portal ejerciendo todas las acciones civiles y penales que le puedan corresponder en derecho.<br \/>\nPara la resoluci\u00f3n de todas las controversias o cuestiones relacionadas con el presente Sitio Web o de las actividades en \u00e9l desarrolladas, ser\u00e1 de aplicaci\u00f3n la legislaci\u00f3n espa\u00f1ola, a la que se someten expresamente las partes, siendo competentes para la resoluci\u00f3n de todos los conflictos derivados o relacionados con su uso los Juzgados y Tribunales espa\u00f1oles.<\/p>\n","protected":false},"excerpt":{"rendered":"<p>AVISO LEGAL IDENTIFICACI\u00d3N DEL PRESTADOR Denominaci\u00f3n Social : XABIER ARANA CATANIA (en adelante el Prestador) Domicilio Social : AVENIDA CIUDAD DE BARCELONA 152, 3\u00ba-1\u00aa. 28007 MADRID CIF \/ NIF : 50861448 F Tel\u00e9fono : +34 658 455 332 E-Mail : farfala.bodas@gmail.com Nombre de dominio : www.farfalabodas.com (en adelante el Sitio Web) IDENTIFICACI\u00d3N DEL HOSPEDAJE WEB [&hellip;]<\/p>\n","protected":false},"author":1,"featured_media":0,"parent":0,"menu_order":0,"comment_status":"closed","ping_status":"closed","template":"","meta":[],"_links":{"self":[{"href":"https:\/\/farfalabodas.com\/index.php?rest_route=\/wp\/v2\/pages\/272"}],"collection":[{"href":"https:\/\/farfalabodas.com\/index.php?rest_route=\/wp\/v2\/pages"}],"about":[{"href":"https:\/\/farfalabodas.com\/index.php?rest_route=\/wp\/v2\/types\/page"}],"author":[{"embeddable":true,"href":"https:\/\/farfalabodas.com\/index.php?rest_route=\/wp\/v2\/users\/1"}],"replies":[{"embeddable":true,"href":"https:\/\/farfalabodas.com\/index.php?rest_route=%2Fwp%2Fv2%2Fcomments&post=272"}],"version-history":[{"count":3,"href":"https:\/\/farfalabodas.com\/index.php?rest_route=\/wp\/v2\/pages\/272\/revisions"}],"predecessor-version":[{"id":287,"href":"https:\/\/farfalabodas.com\/index.php?rest_route=\/wp\/v2\/pages\/272\/revisions\/287"}],"wp:attachment":[{"href":"https:\/\/farfalabodas.com\/index.php?rest_route=%2Fwp%2Fv2%2Fmedia&parent=272"}],"curies":[{"name":"wp","href":"https:\/\/api.w.org\/{rel}","templated":true}]}}